. What is the highest common divisor of t and 378?
54
Let t(z) = -2*z**3 - 116*z**2 + 116*z - 116. Let h be t(-59). Calculate the greatest common divisor of h and 14.
2
Suppose -49*n + 29*n = -180. Calculate the greatest common divisor of n and 927.
9
Let o be (-33)/22*(-10)/(-3). Let v = 11 + o. Calculate the greatest common factor of 12 and v.
6
Let v = 118 + -69. Suppose u + 3*u = 5*l + 799, -2*u - 2*l + 386 = 0. Calculate the highest common factor of v and u.
49
Let i = -666 - -672. Calculate the greatest common divisor of i and 190.
2
Let q(a) = -2*a - 1. Let z be q(-11). Suppose -2*h - z + 67 = 0. What is the greatest common divisor of h and 184?
23
Let b be 2/(-4)*-12 - 4. Let f be b*(-38)/8*(2 - 20). Calculate the greatest common factor of f and 19.
19
Let l be 244/(-1830) + -257*1/(-15). Suppose 2*m - 357 = -m. Calculate the highest common divisor of m and l.
17
Suppose -4*m - 4*g + 252 = 0, 2*m + 2*m + 5*g = 252. What is the greatest common divisor of 81 and m?
9
Suppose -5*a + 760 = -a. Let z(v) = v**3 + 9*v**2 + 14*v + 8. Let q be z(-5). What is the greatest common divisor of q and a?
38
Let v be (-6)/((-44)/32 - -1). Suppose -q + 4*u = -6, -2*u = 2*q - 16 - v. What is the greatest common divisor of q and 14?
14
Suppose 5*y - 61*u + 65*u - 95 = 0, u = y - 10. Calculate the greatest common divisor of y and 10.
5
Suppose 0*t - 2*t = -w - 2, -5*w + 5 = -5*t. Suppose 4*l = -w*o + 5*o + 7, 0 = -2*l + 4*o - 14. What is the highest common divisor of 24 and l?
3
Let g(i) = -i**3 + 16*i**2 + 18*i - 11. Suppose x + 25 = c, 5*x - c + 147 = 38. Let h = 38 + x. Let w be g(h). Calculate the highest common divisor of w and 54.
6
Suppose 0 = -2*y + 4*r - 6, 0 = 4*y + r + 3*r + 48. Let a(g) = -5*g + 1. Let c be a(y). Suppose 2 - 117 = -5*i. Calculate the highest common factor of c and i.
23
Suppose -99 = -4*l - 5*l. Calculate the greatest common factor of l and 11.
11
Let f(q) = 5*q. Let a be (84/30)/((-4)/(-10)). Suppose 21 = 3*y - s, -2*s + a = 2*y - 5*s. Let g be f(y). Calculate the greatest common divisor of 4 and g.
4
Let v be 165 - (9/(-2))/((-66)/44). What is the greatest common factor of v and 54?
54
Let p(x) = -5*x**2 - 2*x**3 + x**3 + x**2 + 4. Let t be p(-4). Let b be -7 + 52 - (-3 - -4). Calculate the highest common divisor of b and t.
4
Suppose 3*f - 4*k + 2 = -5*k, 30 = 5*f - 5*k. Let z = 39 + f. Calculate the greatest common factor of z and 120.
40
Let s = 151 - 44. Let o = -94 + s. What is the greatest common divisor of 13 and o?
13
Let s = -31 + 29. Let k be (-40)/(-6)*(-15)/s. Let u be -3 - -16 - 3 - 0. Calculate the highest common divisor of u and k.
10
Let k = -290 - -386. What is the greatest common divisor of 48 and k?
48
Let n = -39 + 129. Suppose 4*q + n = 9*q. What is the highest common factor of q and 9?
9
Suppose m = -2*s + 125, 4*m - 6*m - 317 = -5*s. Calculate the highest common divisor of s and 315.
63
Let h be (92/16)/(2/16). Let d = 6 - -73. Let u = d - h. What is the greatest common factor of u and 99?
33
Let f(b) = -2*b**2 + 15*b + 11. Let v be f(8). Suppose 4*q - 3*j = 25 + v, 3*q = 5*j + 32. What is the highest common divisor of 6 and q?
2
Let f(c) = -15*c - 165. Let n be f(-15). Calculate the highest common factor of 270 and n.
30
Let w = -16 - -10. Let c = 9 + w. Suppose -3*a = c*k - 108, 3*a + 2*k = -26 + 131. What is the highest common factor of 3 and a?
3
Let p(g) = -46*g - 95. Let z be p(-3). What is the greatest common factor of z and 1?
1
Let v(c) = 2*c**2 - 7*c + 33. Let i be v(0). Calculate the highest common divisor of i and 275.
11
Suppose -4*k = -8, -9*k + 4*k + 82 = 3*a. What is the highest common divisor of 78 and a?
6
Let g be (27/12)/((-6)/16). Let r = 41 + g. What is the highest common divisor of r and 5?
5
Let x(v) = 6*v - 234. Let f be x(36). Let m be (-2)/4*-2 - -11. Let j = m - f. Calculate the highest common factor of j and 20.
10
Suppose 0 = 2*c - 3 - 21. Let t be c/(-66) + 4470/22. What is the highest common divisor of t and 29?
29
Let f be 4/14 + (-2390)/(-14) + 4. What is the greatest common divisor of f and 75?
25
Let f be (-2)/(-4) - 26/4. Let c be (-2 - -3)/((-3)/f). Suppose 6 = 2*n - 2*w - 8, -3*w = 2*n - 19. Calculate the highest common factor of n and c.
2
Suppose 0 = -3*z + 405 + 171. Let l = -43 + 113. Let t = l + -46. Calculate the greatest common divisor of t and z.
24
Suppose 0*z + 10 = 3*t - 4*z, 0 = -4*t - 2*z + 6. Suppose t*p - 5*p + 48 = 0. Calculate the greatest common divisor of p and 32.
16
Let p be (16/(-48))/((-2)/132). Let w = p + -20. Calculate the highest common factor of 5 and w.
1
Let m be ((-4)/24)/((-2)/12). Let q be m + 3 - (0 - (-3 - -5)). Calculate the greatest common divisor of 6 and q.
6
Let w(d) = d**2 + 6*d - 222. Let s be w(16). Let x = -38 - -64. What is the highest common factor of s and x?
26
Suppose -22*n + 608 = 16*n. What is the highest common factor of 432 and n?
16
Let x = 243 - 232. Suppose 2*m - 4*m + r = -66, 0 = -5*m + 4*r + 165. What is the highest common divisor of x and m?
11
Let j(q) = -34*q - 24. Let v be j(-2). Calculate the highest common factor of 33 and v.
11
Let z(l) = l**2 + l + 6. Let o be z(-6). Suppose -3*k - a = 2*a + 75, 4*a = 4. Let x = k + o. Calculate the greatest common factor of x and 90.
10
Suppose 0 = -9*b + 4 + 14. Calculate the greatest common factor of b and 41.
1
Let t(n) = 6 - n + 0 + 1 - 2. Let m be t(3). What is the highest common divisor of m and 3?
1
Suppose 462 = 11*q - 77. Calculate the greatest common divisor of 392 and q.
49
Suppose a - 2 = 3*s - 5*s, -a + 4*s - 4 = 0. Let w(i) = -6 - i**3 + 2 - 3 + a + 6*i**2 + 6*i. Let d be w(6). What is the greatest common factor of d and 58?
29
Let s be (11/(-3) - -2)*(-144)/120. Let g be ((-1)/(-2))/(6/1488). Suppose 0 = -4*u + g - 52. Calculate the highest common divisor of u and s.
2
Let b = -1422 + 1490. Calculate the greatest common factor of b and 1972.
68
Let t(b) = 2*b**2 + b - 2. Let g be t(2). Let h = 5 - -12. Let f be (-2)/(10/(-15)) + h. Calculate the highest common divisor of g and f.
4
Suppose t + 4*t = 10. Suppose -6 = 2*k + t*z - 14, 4*k = z + 16. Let w be (8 - 6)*1*k. What is the greatest common factor of 12 and w?
4
Let l = 617 - 613. What is the greatest common divisor of 22 and l?
2
Let d = 325 - -635. Suppose -3*k + 3*m + 2*m + 576 = 0, 5*k = -4*m + d. What is the greatest common divisor of 24 and k?
24
Let x(u) = 11*u**2 - 5*u - 6. Let n be x(-2). Suppose 5*q + 13 = 173. Calculate the highest common divisor of n and q.
16
Suppose 0 = 5*l + 298 - 323. Let a(q) = -q**3 + 5*q**2 - 3*q - 1. Let t be a(4). Let j be ((-60)/16)/(t/(-16)). What is the highest common factor of l and j?
5
Let a = 32 + -34. Let b be (51/(-6))/(1/a). Suppose 4*i = 2*p - 6 - 8, 5*i + 43 = 4*p. Calculate the highest common divisor of p and b.
17
Let h be (7/3)/(2/18). Suppose h + 0 = j. What is the greatest common divisor of j and 168?
21
Let t(y) = y**2 + 3*y + 2. Let c be t(-6). Let b = -19 + c. What is the greatest common factor of 3 and b?
1
Let j = -193 - -211. What is the greatest common divisor of j and 450?
18
Suppose -10*v + 464 = -6*v. Let y = v + -75. Suppose 2*g = 5*m + 30, -4*g + y = -2*m - 3. Calculate the highest common divisor of g and 40.
10
Let u(x) = x**2 + x + 18. Let o be u(0). Suppose 0 = -5*n - 56 - 104. Let b be (-4624)/n - 1/2. What is the highest common factor of o and b?
18
Let s be (-33)/(126/270 - (-4)/(-6)). What is the greatest common divisor of 66 and s?
33
Suppose 0 = 37*d - 857 - 401. Calculate the greatest common factor of d and 4.
2
Let r(i) = 3*i + 18. Let h(y) = -10*y - 55. Let o(k) = -2*h(k) - 7*r(k). Let n be o(-19). What is the greatest common factor of 21 and n?
3
Let c be -3 + 13 + (-1 - -1). Suppose -4*l = 3*s - 6*l - 227, 0 = s - 3*l - 78. Suppose -5*o + 10*o - s = 0. What is the greatest common factor of c and o?
5
Suppose 0 = -17*i + 1867 + 734. Suppose -4*v + 54 + 14 = 0. Calculate the highest common factor of v and i.
17
Suppose -6 = -2*u + 18. Let b(p) = -p**3 + 7*p**2 - 6*p - 3. Let x be b(6). Let o be 2/(19/6 + x). Calculate the highest common divisor of o and u.
12
Let x be ((-8)/(-3))/(18/351). Let l be ((-6)/(-18))/((-2)/(-18)). Suppose l*w + w = x. What is the highest common divisor of w and 39?
13
Suppose 11*v = 7*v